{"id":1089,"date":"2023-04-23T21:49:04","date_gmt":"2023-04-23T20:49:04","guid":{"rendered":"https:\/\/lifebioencapsulation.com\/?page_id=1089"},"modified":"2026-02-04T20:38:27","modified_gmt":"2026-02-04T19:38:27","slug":"proyectos_algae4fish","status":"publish","type":"page","link":"https:\/\/lifebioencapsulation.com\/index.php\/proyectos\/proyectos_algae4fish\/","title":{"rendered":"Algae4fish"},"content":{"rendered":"\n\n\n\n\n\n<h2>Proyectos de Innovaci\u00f3n Empresarial<\/h2>\n\n\n\n\n\n\n\n\n\n<p><strong>Evaluaci\u00f3n de nuevos aditivos funcionales basados en microalgas para alimentaci\u00f3n en acuicultura (ALGAE4FISH).<\/strong><\/p>\n<p style=\"font-size: small;\">II CONVOCATORIA DE PROYECTOS DE INNOVACI\u00d3N EMPRESARIAL CON PROYECCI\u00d3N TERRITORIAL. <span style=\"color:#f57f25\">CEI-<\/span>MAR 2018.<\/p>\n<p><strong>Participantes:<\/strong> LifeBioencapsulation, Universidad de Almer\u00eda -UAL-(<a href=\"https:\/\/www.ual.es\/investigacion\/investiga\/grupos\/area\/grupo\/RNM\/RNM346\" style=\"color:#28772cff\" target=\"_blank\" rel=\"noopener\">grupo PAIDI RNM-346<\/a>) y Universidad de C\u00e1diz -UCA-(<a href=\"https:\/\/rnm216.uca.es\/\" style=\"color:#28772cff\" target=\"_blank\" rel=\"noopener\">grupo RNM-216<\/a>).<\/p>\n<p><strong>Investigador principal:<\/strong> Antonio Jes\u00fas Vizcaino Torres (Universidad de Almer\u00eda).<\/p>\n\n\n\n\n\n<h2>Resumen<\/h2>\n\n\n\n\n\n\n\n\n\n<p>El proyecto de innovaci\u00f3n tiene como objetivo <strong>desarrollar una l\u00ednea espec\u00edfica de productos funcionales<\/strong> que a\u00fanan distintos compuestos nutrac\u00e9uticos combinados con microalgas <strong>para que puedan ser comercializados como nuevos aditivos funcionales<\/strong> en la elaboraci\u00f3n de las denominadas <em>\u00abdietas salud\u00bb<\/em> para las especies de inter\u00e9s en acuicultura.<\/p>\n<p><span style=\"line-height:2.0;\"><\/span>En concreto, el proyecto pretende desarrollar <strong>productos de alta calidad y de origen sostenible<\/strong>, que garanticen no solo el crecimiento de los animales, sino tambi\u00e9n incrementan su salud, su resistencia al estr\u00e9s y a los agentes causantes de enfermedades dentro de los sistemas de cultivo.<\/p>\n<p>Lifebioencapsulation S.L. y los equipos de investigaci\u00f3n de la UAL y la UCA tienen inter\u00e9s en aplicar los conocimientos adquiridos en sus investigaciones sobre nutrici\u00f3n, alimentaci\u00f3n y metabolismos energ\u00e9tico en acuicultura, y particularmente el <em>\u00abknow-how\u00bb<\/em> relacionado don aditivos funcionales o nutrac\u00e9uticos.&nbsp;<\/p>\n<p>Con la creaci\u00f3n de este consorcio se pretende explorar una <strong>l\u00ednea de productos diferenciada de otros presentes en el mercado<\/strong>, que estar\u00e1 orientada a conocer los efectos fisiol\u00f3gicos beneficiosos mediante la sinergia de microalgas con distintas sustancias nutrac\u00e9uticas en un \u00fanico producto, lo cual supone una clara ventaja respecto a otros productos presentes en el mercado.<\/p>\n<p>El objetivo del proyecto se pretende alcanzar mediante tres acciones consecutivas:<\/p>\n<p><\/p><ol><li>Analizar el mercado de productos funcionales para piensos de especies de acuicultura.<\/li><li>Evaluar los efectos que ejercen dos prototipos de producto Lifebioencapsulation en peces de acuicultura.<\/li><li>Efectuar el lanzamiento de estos productos al mercado de aditivos funcionales para alimentaci\u00f3n de especies de acuicultura.<\/li><\/ol><p><\/p>\n<p>La evaluaci\u00f3n de los productos es uno de los puntos vertebrales del proyecto, y se realizar\u00e1 en la dorada (Sparus aurata), una especie de gran inter\u00e9s para la acuicultura tanto andaluza como a nivel europeo.<\/p>\n<p>Se ensayar\u00e1n dos productos funcionales desarrollados por Lifebioencapsulation (LB-GUThealth y LB-GREENboost) que contienen mezclas espec\u00edficas de nucle\u00f3tidos, glucanos, antioxidantes, sustancias lipotr\u00f3ficas y microalgas con capacidad de influir positivamente en distintos procesos fisiol\u00f3gicos de los animales cultivados.<\/p>\n<p>Por tanto, la estrategia utilizada en el dise\u00f1o de estos productos est\u00e1 orientada para obtener efectos sin\u00e9rgicos con cada uno de ellos, y por ello se utilizan distintas combinaciones de compuestos funcionales en cada uno.<\/p>\n\n\n\n\n\n\n\n\n\n\n\n\n\n\n\n\n\n\n<h2>Publicaciones Cient\u00edficas<\/h2>\n\n\n\n\n\n<h6>Low dietary inclusion of nutraceuticals from microalgae improves feed efficiency and modifies intermediary metabolisms in gilthead sea bream (<em>Sparus aurata<\/em>)<\/h6>\n<p>Erick Perera, David S\u00e1nchez-Ruiz, Mar\u00eda Isabel S\u00e1ez, Alba Galafat, Andr\u00e9 Barany, Miriam Fern\u00e1ndez-Castro, Antonio Jes\u00fas Vizca\u00edno, Juan Fuentes, Tom\u00e1s Francisco Mart\u00ednez, Juan Miguel Mancera, Francisco Javier Alarc\u00f3n &amp; Juan Antonio Martos-Sitcha.<\/p>\n<p><em>Scientific reports 10, october 2020<\/em><\/p>\n<p><a href=\"https:\/\/doi.org\/10.1038\/s41598-020-75693-3\" target=\"_blank\">https:\/\/doi.org\/10.1038\/s41598-020-75693-3<\/a><span style=\"float: right; margin-right: 20px;\"><a href=\"https:\/\/lifebioencapsulation.com\/index.php\/proyectos\/proyectos_algae4fish\/\">ALGAE4FISH<\/a> proyect<\/span><\/p>\n\n\n\n\n\n\n\n\n\n\n\n\n\n\n\n\n\n\n","protected":false},"excerpt":{"rendered":"","protected":false},"author":1,"featured_media":0,"parent":430,"menu_order":6,"comment_status":"closed","ping_status":"closed","template":"","meta":{"_editorskit_title_hidden":false,"_editorskit_reading_time":0,"_editorskit_is_block_options_detached":false,"_editorskit_block_options_position":"{}","_crdt_document":"","pagelayer_contact_templates":[],"_pagelayer_content":"","inline_featured_image":false,"footnotes":""},"class_list":["post-1089","page","type-page","status-publish","hentry"],"blog_post_layout_featured_media_urls":{"thumbnail":"","full":""},"categories_names":null,"comments_number":"0","_links":{"self":[{"href":"https:\/\/lifebioencapsulation.com\/index.php\/wp-json\/wp\/v2\/pages\/1089","targetHints":{"allow":["GET"]}}],"collection":[{"href":"https:\/\/lifebioencapsulation.com\/index.php\/wp-json\/wp\/v2\/pages"}],"about":[{"href":"https:\/\/lifebioencapsulation.com\/index.php\/wp-json\/wp\/v2\/types\/page"}],"author":[{"embeddable":true,"href":"https:\/\/lifebioencapsulation.com\/index.php\/wp-json\/wp\/v2\/users\/1"}],"replies":[{"embeddable":true,"href":"https:\/\/lifebioencapsulation.com\/index.php\/wp-json\/wp\/v2\/comments?post=1089"}],"version-history":[{"count":12,"href":"https:\/\/lifebioencapsulation.com\/index.php\/wp-json\/wp\/v2\/pages\/1089\/revisions"}],"predecessor-version":[{"id":2025,"href":"https:\/\/lifebioencapsulation.com\/index.php\/wp-json\/wp\/v2\/pages\/1089\/revisions\/2025"}],"up":[{"embeddable":true,"href":"https:\/\/lifebioencapsulation.com\/index.php\/wp-json\/wp\/v2\/pages\/430"}],"wp:attachment":[{"href":"https:\/\/lifebioencapsulation.com\/index.php\/wp-json\/wp\/v2\/media?parent=1089"}],"curies":[{"name":"wp","href":"https:\/\/api.w.org\/{rel}","templated":true}]}}