{"id":1703,"date":"2024-12-01T18:48:51","date_gmt":"2024-12-01T17:48:51","guid":{"rendered":"https:\/\/lifebioencapsulation.com\/?page_id=1703"},"modified":"2026-02-04T20:02:27","modified_gmt":"2026-02-04T19:02:27","slug":"proyectos_seriblue","status":"publish","type":"page","link":"https:\/\/lifebioencapsulation.com\/index.php\/proyectos\/proyectos_seriblue\/","title":{"rendered":"SeriBlue"},"content":{"rendered":"\n\n\n\n\n\n<h2>Proyectos de Innovaci\u00f3n Empresarial<\/h2>\n\n\n\n\n\n\n\n\n\n<p><strong>Econom\u00eda azul sostenible en especies carn\u00edvoras de alto valor y crecimiento: evaluaci\u00f3n de prote\u00ednas vegetales y compuestos nutrac\u00e9ticos derivados de las microalgas en la seriola (<em>Seriola dumerili<\/em>) (SeriBlue).<\/strong><\/p>\n<p style=\"font-size: small;\">IV CONVOCATORIA DE AYUDAS A PROYECTOS DE TRANSFERENCIA DEL CONOCIMIENTO E INNOVACI\u00d3N EMPRESARIAL EN EL AMBITO DE LA ECONOM\u00cdA AZUL. <span style=\"color:#f57f25\">CEI-<\/span>MAR 2020.<\/p>\n<p><strong>Participantes:<\/strong> LifeBioencapsulation, Universidad de Almer\u00eda -UAL-(<a href=\"https:\/\/www.ual.es\/investigacion\/investiga\/grupos\/area\/grupo\/RNM\/RNM346\" style=\"color:#28772cff\" target=\"_blank\" rel=\"noopener\">grupo PAIDI RNM-346<\/a>) y Universidad de C\u00e1diz -UCA-(<a href=\"https:\/\/rnm216.uca.es\/\" style=\"color:#28772cff\" target=\"_blank\" rel=\"noopener\">grupo RNM-216<\/a>).<\/p>\n<p><strong>Investigador principal:<\/strong> Juan Antonio Martos Sitcha (Universidad de C\u00e1diz).<\/p>\n<p><strong>Estado:<\/strong>&nbsp;Finalizado.<\/p>\n\n\n\n\n\n<h2>Resumen<\/h2>\n\n\n\n\n\n\n\n\n\n<p>El fin general de este proyecto ha sido la evaluaci\u00f3n de dietas de alto contenido proteico incorporando un alto porcentaje (50%) de ingredientes vegetales, as\u00ed como su suplementaci\u00f3n con compuestos naturales nutrac\u00e9uticos extra\u00eddos de las microalgas, en una especie candidata para la diversificaci\u00f3n de la acuicultura andaluza, nacional y europea, de h\u00e1bitos altamente carn\u00edvoros, alto crecimiento y gran valor comercial, como la seriola (<em>Seriola dumerili<\/em>), conocido popularmente como \u00ablecha\u00bb o \u00abpez lim\u00f3n\u00bb.<\/p>\n<p>Los resultados obtenidos en este proyecto sugieren un avance en cuanto al estudio del rendimiento productivo, funcionalidad digestiva y calidad del producto para una especie emergente en el sector acu\u00edcola, con un amplio margen de mejora para la incorporaci\u00f3n de ingredientes vegetales en la formulaci\u00f3n de piensos, especialmente si estos van suplementados con productos nutrac\u00e9uticos extra\u00eddos de las microalgas<\/p>\n<p>Los resultados muestran una buena aceptaci\u00f3n de los animales hacia los piensos experimentales con una alta sustituci\u00f3n de harinas de pescado por otras fuentes vegetales, con unos altos \u00edndices de crecimiento de en torno al 2,5%\/d\u00eda y eficiencias de alimentaci\u00f3n cercanas al 80% a temperaturas sub-\u00f3ptimas de cultivo (19\u00baC). Aunque estos \u00edndices productivos no llegan a alcanzar los valores de los animales alimentados con un pienso basado fundamentalmente en harinas y aceites de pescado, la suplementaci\u00f3n con microalgas muestra la existencia de una mejora en la capacidad y funcionalidad del intestino a trav\u00e9s de la actividad de encimas digestivas, as\u00ed como una coloraci\u00f3n m\u00e1s amarillenta, lo que puede ser debido al perfil nutritivo y a la riqueza en xantofilas de las microalgas.<\/p>\n<p>Es importante destacar que los resultados obtenidos tras la inclusi\u00f3n del aditivo desarrollado por LifeBioencapsulation en la dieta vegetal son relevantes, ya que la intensificaci\u00f3n de las tonalidades amarillo-verdoso repercute en una posible mayor aceptabilidad en el mercado, y, por ende, en su precio final.<\/p>\n<p>Adem\u00e1s, el uso del extracto de microalgas produce una disminuci\u00f3n del grado de oxidaci\u00f3n de l\u00edpidos en el m\u00fasculo e h\u00edgado de los peces con respecto a la dieta no suplementada, aportando una consiguiente mejora del producto final.<\/p>\n\n\n\n\n<p style=\"text-align: right;\"><span style=\"font-size:small;\">Imagen de fondo Jorge Herrera<\/span><\/p>\n\n\n\n\n\n\n<h2>Publicaciones Cient\u00edficas<\/h2>\n\n\n\n\n\n<h6>Enzymatic treatment of plant proteins in combination with algae-based nutraceutical inclusion in aquafeeds improves growth performance and physiological traits in the greater amberjack (<em>Seriola dumerili<\/em>)<\/h6>\n<p>Luis Molina-Roque, Paula Sim\u00f3-Mirabet, Andr\u00e9 Barany, Anyell Caderno, Carmen Navarro-Guill\u00e9n, Alba Galafat, Miguel Torres, Juan Fuentes, Juan Miguel Mancera, Erick Perera, Francisco Javier Alarc\u00f3n-L\u00f3pez &amp; Juan Antonio Martos-Sitcha.<\/p>\n<p><em>Aquaculture 598, march 2025<\/em><\/p>\n<p><a href=\"https:\/\/doi.org\/10.1016\/j.aquaculture.2024.742012\" target=\"_blank\">https:\/\/doi.org\/10.1016\/j.aquaculture.2024.742012<\/a><span style=\"float: right; margin-right: 20px;\"><a href=\"https:\/\/lifebioencapsulation.com\/index.php\/proyectos\/proyectos_seriblue\/\">SeriBlue<\/a> proyect<\/span><\/p>\n\n\n\n\n\n<h6>High plant protein diet impairs growth performance and intestinal integrity in greater amberjack (<em>Seriola dumerili<\/em>): Molecular and physiological insights<\/h6>\n<p>Juan Fuentes, Filomena Fonseca, Silvia F. Gregorio, Larissa Kussaba, Erick Perera, Francisco J. Alarc\u00f3n-L\u00f3pez &amp; Juan A. Martos-Sitcha.<\/p>\n<p><em>Aquaculture 597, february 2025<\/em><\/p>\n<p><a href=\"https:\/\/doi.org\/10.1016\/j.aquaculture.2024.741925\" target=\"_blank\">https:\/\/doi.org\/10.1016\/j.aquaculture.2024.741925<\/a><span style=\"float: right; margin-right: 20px;\"><a href=\"https:\/\/lifebioencapsulation.com\/index.php\/proyectos\/proyectos_seriblue\/\">SeriBlue<\/a> proyect<\/span><\/p>\n\n\n\n\n\n\n<h2>Multimedia<\/h2>\n\n\n\n\n\n<p><center><iframe loading=\"lazy\" width=\"650\" height=\"365\" src=\"https:\/\/www.youtube.com\/embed\/nEYQWhbsKMQ?si=TEP-tk3Ajz3wxgl7\" title=\"YouTube video player\" frameborder=\"0\" allow=\"accelerometer; autoplay; clipboard-write; encrypted-media; gyroscope; picture-in-picture; web-share\" referrerpolicy=\"strict-origin-when-cross-origin\" allowfullscreen><\/iframe><center><\/p>\n\n\n\n\n\n<h2>Comunicaciones en Prensa<\/h2>\n\n\n\n\n\n\n<p style=\"font-size: small;\">Pincha sobre la noticia para ampliarla.<\/p>\n\n\n\n\n\n\n\n\n\n\n\n\n\n\n\n\n\n\n\n\n\n","protected":false},"excerpt":{"rendered":"","protected":false},"author":1,"featured_media":0,"parent":430,"menu_order":5,"comment_status":"closed","ping_status":"closed","template":"","meta":{"_editorskit_title_hidden":false,"_editorskit_reading_time":0,"_editorskit_is_block_options_detached":false,"_editorskit_block_options_position":"{}","_crdt_document":"","pagelayer_contact_templates":[],"_pagelayer_content":"","inline_featured_image":false,"footnotes":""},"class_list":["post-1703","page","type-page","status-publish","hentry"],"blog_post_layout_featured_media_urls":{"thumbnail":"","full":""},"categories_names":null,"comments_number":"0","_links":{"self":[{"href":"https:\/\/lifebioencapsulation.com\/index.php\/wp-json\/wp\/v2\/pages\/1703","targetHints":{"allow":["GET"]}}],"collection":[{"href":"https:\/\/lifebioencapsulation.com\/index.php\/wp-json\/wp\/v2\/pages"}],"about":[{"href":"https:\/\/lifebioencapsulation.com\/index.php\/wp-json\/wp\/v2\/types\/page"}],"author":[{"embeddable":true,"href":"https:\/\/lifebioencapsulation.com\/index.php\/wp-json\/wp\/v2\/users\/1"}],"replies":[{"embeddable":true,"href":"https:\/\/lifebioencapsulation.com\/index.php\/wp-json\/wp\/v2\/comments?post=1703"}],"version-history":[{"count":16,"href":"https:\/\/lifebioencapsulation.com\/index.php\/wp-json\/wp\/v2\/pages\/1703\/revisions"}],"predecessor-version":[{"id":2015,"href":"https:\/\/lifebioencapsulation.com\/index.php\/wp-json\/wp\/v2\/pages\/1703\/revisions\/2015"}],"up":[{"embeddable":true,"href":"https:\/\/lifebioencapsulation.com\/index.php\/wp-json\/wp\/v2\/pages\/430"}],"wp:attachment":[{"href":"https:\/\/lifebioencapsulation.com\/index.php\/wp-json\/wp\/v2\/media?parent=1703"}],"curies":[{"name":"wp","href":"https:\/\/api.w.org\/{rel}","templated":true}]}}