{"id":430,"date":"2023-01-31T20:20:41","date_gmt":"2023-01-31T19:20:41","guid":{"rendered":"https:\/\/wordpress.reparacionesfranciscoruiz.com\/wp\/?page_id=430"},"modified":"2026-02-04T12:52:11","modified_gmt":"2026-02-04T11:52:11","slug":"proyectos","status":"publish","type":"page","link":"https:\/\/lifebioencapsulation.com\/index.php\/proyectos\/","title":{"rendered":"Proyectos"},"content":{"rendered":"\n\n\n\n\n\n\n<p><span style=\"vertical-align: inherit;\"><span style=\"vertical-align: inherit;\">La utilizaci\u00f3n de la harina de pescado como fuente de prote\u00edna mayoritaria en los piensos para acuicultura puede llegar a ocasionar un incremento en los costes de producci\u00f3n en acuicultura a la par que determina que este sector no llegue a ser una actividad sostenible, al precisar para su crecimiento de mayor cantidad de derivados de la pesca extractiva. <\/span><span style=\"vertical-align: inherit;\">Por ello, la b\u00fasqueda de fuentes proteicas alternativas tiene hoy d\u00eda un enorme inter\u00e9s en nutrici\u00f3n acu\u00edcola.<\/span><\/span><\/p>\n\n\n<p>En este contexto, las harinas de algunas algas pueden ser una alternativa potencial a la harina de pescado, ya que poseen un alto contenido proteico, son la fuente de alimento natural de numerosas especies marinas, contienen niveles altos de \u00e1cidos poliinsaturados, amino\u00e1cidos, vitaminas y minerales, y son una excelente fuente de pigmentos naturales.<\/p>\n\n\n\n<p>Lorem Ipsum has been the industry&#8217;s standard dummy text ever since the 1500s.<\/p>\n\n\n\n\n\n<p><span style=\"vertical-align: inherit;\"><span style=\"vertical-align: inherit;\"><span style=\"vertical-align: inherit;\"><span style=\"vertical-align: inherit;\">Adicionalmente, y en el marco de la pol\u00edtica general de mejora de la sostenibilidad y calidad de los productos de acuicultura, las algas tienen un enorme potencial para ser utilizadas como aditivos en los piensos de engorde de peces por los efectos positivos que ejercen sobre su crecimiento, estado de condici\u00f3n y composici\u00f3n qu\u00edmica.<\/span><\/span><\/span><\/span><\/p>\n\n\n\n\n\n\n\n\n\n\n\n\n<h2>Proyectos I+D+I<\/h2>\n\n\n\n\n\n<p><strong>The Power of Grape Extracts: antimicrobial and antioxidant properties to prevent the use of antibiotics in farmed animals.<\/strong><\/p>\n\n\n<p style=\"font-size: small;\">ESTE PROYECTO HA RECIBIDO FINANCIACI\u00d3N DEL PROGRAMA DE INVESTIGACI\u00d3N E INNOVACI\u00d3N HORIZONTE 2020 DE LA UNI\u00d3N EUROPEA, BAJO EL CONVENIO DE SUBVENCI\u00d3N N\u00ba101036768.<\/p>\n<p><strong>Socios:<\/strong>&nbsp;8 socios industriales, 10 instituciones de investigaci\u00f3n y universidades y 2 organizaciones sin \u00e1nimo de lucro componen un consorcio <a href=\"https:\/\/www.neogiant.eu\/\" style=\"color:#28772cff\" target=\"_balnk\" rel=\"noopener\">NeoGiANT<\/a> equilibrado que abarca 8 pa\u00edses europeos: B\u00e9lgica, Rep\u00fablica Checa, Espa\u00f1a, Polonia, Reino Unido, Portugal y Alemania, adem\u00e1s de Argentina.<\/p>\n<p><strong>Coordinadora:<\/strong>&nbsp;<a href=\"mailto:marta.lores@usc.es\" style=\"color:#28772cff\">Marta Lores Agu\u00edn<\/a>&nbsp;(Universidad de Santiago de Compostela).<\/p>\n\n\n\n\n\n\n\n\n\n\n\n\n\n\n\n\n\n<p><strong>Producci\u00f3n de hidrolizados de microalgas marinas para su utilizaci\u00f3n como sustitutivos de harinas de pescado en piensos de acuicultura (MICROAQUA).<\/strong><\/p>\n\n\n<p style=\"font-size: small;\">Ayudas a la transferencia de investigaci\u00f3n orientada a los sectores estrat\u00e9gicos de la provincia de Almer\u00eda de la Universidad de Almer\u00eda. TRANSFIERE 2018.<\/p>\n<p><strong>Participantes:<\/strong> LifeBioencapsulation S.L. y Universidad de Almer\u00eda -UAL-(<a href=\"https:\/\/www.ual.es\/investigacion\/investiga\/grupos\/area\/grupo\/RNM\/RNM346\" style=\"color:#28772cff\" target=\"_blank\" rel=\"noopener\">grupo PAIDI RNM-346<\/a>).<\/p>\n<p><strong>Investigador responsable:<\/strong>&nbsp;Francisco Javier Alarc\u00f3n L\u00f3pez (Universidad de Almer\u00eda).<\/p>\n\n\n\n\n\n\n\n\n\n\n\n\n\n\n\n\n\n\n<p><strong>Desarrollo de alimentos funcionales para una acuicultura sostenible mediante su suplementaci\u00f3n con nuevos productos procedentes de las microalgas (SUPLALGAE).<\/strong><\/p>\n<p style=\"font-size: small;\">CONVOCATORIA DE AYUDAS A PROYECTOS DE I+D+I EN EL MARCO DEL PROGRAMA OPERATIVO FEDER ANDALUC\u00cdA 2014-2020. CONVOCATORIA 2018.<\/p>\n<p><strong>Participantes:<\/strong> LifeBioencapsulation S.L., Universidad de Almer\u00eda -UAL-(<a href=\"https:\/\/www.ual.es\/investigacion\/investiga\/grupos\/area\/grupo\/RNM\/RNM346\" style=\"color:#28772cff\" target=\"_blank\" rel=\"noopener\">grupo PAIDI RNM-346<\/a>) y Universidad de C\u00e1diz -UCA-(<a href=\"https:\/\/rnm216.uca.es\/\" style=\"color:#28772cff\" target=\"_blank\" rel=\"noopener\">grupo RNM-216<\/a>).<\/p>\n<p><strong>Investigador principal:<\/strong>&nbsp;Juan Antonio Martos Sitcha (Universidad de C\u00e1diz).<\/p>\n\n\n\n\n\n\n\n\n\n\n\n\n\n\n\n<h6 style=\"color:#000\">Proyectos de Innovaci\u00f3n Empresarial<\/h6>\n\n\n\n\n\n\n\n\n<p><strong>Evaluaci\u00f3n de concentrados de carotenoides y PUFAs obtenidos a partir de microalgas marinas en el cultivo de la dorada (<em>Sparus aurata<\/em>) (PufaDor).<\/strong><\/p>\n<p style=\"font-size: small;\">CONVOCATORIA DE AYUDAS A PROYECTOS DE TRANSFERENCIA DEL CONOCIMIENTO E INNOVACI\u00d3N EMPRESARIAL EN EL AMBITO DE LA ECONOM\u00cdA AZUL. <span style=\"color:#f57f25\">CEI-<\/span>MAR 2022.<\/p>\n<p><strong>Participantes:<\/strong> LifeBioencapsulation, <a href=\"https:\/\/www.ual.es\/investigacion\/investiga\/grupos\/area\/grupo\/RNM\/RNM346\" style=\"color:#28772cff\" target=\"_blank\" rel=\"noopener\">grupo RNM-346 (Ecolog\u00eda acu\u00e1tica y acuicultura, UAL)<\/a>&nbsp;y <a href=\"https:\/\/www.ual.es\/investigacion\/investiga\/grupos\/area\/grupo\/BIO\/BIO173\" style=\"color:#28772cff\" target=\"_blank\" rel=\"noopener\">grupo BIO-173 (Biotecnolig\u00eda de microalgas, UAL)<\/a>).<\/p>\n<p><strong>Investigador principal:<\/strong>&nbsp;Francisco Javier Alarc\u00f3n L\u00f3pez (Universidad de Almer\u00eda).<\/p>\n\n\n\n\n\n\n\n\n\n\n<p><strong>Econom\u00eda azul sostenible en especies carn\u00edvoras de alto valor y crecimiento: evaluaci\u00f3n de prote\u00ednas vegetales y compuestos nutrac\u00e9ticos derivados de las microalgas en la seriola (<em>Seriola dumerili<\/em>) (SeriBlue).<\/strong><\/p>\n<p style=\"font-size: small;\">IV CONVOCATORIA DE AYUDAS A PROYECTOS DE TRANSFERENCIA DEL CONOCIMIENTO E INNOVACI\u00d3N EMPRESARIAL EN EL AMBITO DE LA ECONOM\u00cdA AZUL. <span style=\"color:#f57f25\">CEI-<\/span>MAR 2020.<\/p>\n<p><strong>Participantes:<\/strong> LifeBioencapsulation, Universidad de Almer\u00eda -UAL-(<a href=\"https:\/\/www.ual.es\/investigacion\/investiga\/grupos\/area\/grupo\/RNM\/RNM346\" style=\"color:#28772cff\" target=\"_blank\" rel=\"noopener\">grupo PAIDI RNM-346<\/a>) y Universidad de C\u00e1diz -UCA-(<a href=\"https:\/\/rnm216.uca.es\/\" style=\"color:#28772cff\" target=\"_blank\" rel=\"noopener\">grupo RNM-216<\/a>).<\/p>\n<p><strong>Investigador principal:<\/strong> Juan Antonio Martos Sitcha (Universidad de C\u00e1diz).<\/p>\n<p><strong>Estado:<\/strong>&nbsp;Finalizado.<\/p>\n\n\n\n\n\n\n\n\n\n\n<p><strong>Valorizaci\u00f3n de los arribazones del alga invasora <em>Rugulopterix okamurae<\/em> como ingrediente para la alimentaci\u00f3n de especies de acuicultura: aplicaci\u00f3n en el cultivo de dorada (VALINVA-bream).<\/strong><\/p>\n<p style=\"font-size: small;\">III CONVOCATORIA DE PROYECTOS DE INNOVACI\u00d3N EMPRESARIAL CON PROYECCI\u00d3N TERRITORIAL. <span style=\"color:#f57f25\">CEI-<\/span>MAR 2019.<\/p>\n<p><strong>Participantes:<\/strong> LifeBioencapsulation, Universidad de Almer\u00eda -UAL-(<a href=\"https:\/\/www.ual.es\/investigacion\/investiga\/grupos\/area\/grupo\/RNM\/RNM346\" style=\"color:#28772cff\" target=\"_blank\" rel=\"noopener\">grupo PAIDI RNM-346<\/a>) y Universidad de C\u00e1diz -UCA-(<a href=\"https:\/\/rnm216.uca.es\/\" style=\"color:#28772cff\" target=\"_blank\" rel=\"noopener\">grupo RNM-216<\/a>).<\/p>\n<p><strong>Investigador principal:<\/strong> Antonio Jes\u00fas Vizca\u00edno Torres (Universidad de Almer\u00eda).<\/p>\n\n\n\n\n\n\n\n\n\n\n<p><strong>Evaluaci\u00f3n de nuevos aditivos funcionales basados en microalgas para alimentaci\u00f3n en acuicultura (ALGAE4FISH).<\/strong><\/p>\n<p style=\"font-size: small;\">II CONVOCATORIA DE PROYECTOS DE INNOVACI\u00d3N EMPRESARIAL CON PROYECCI\u00d3N TERRITORIAL. <span style=\"color:#f57f25\">CEI-<\/span>MAR 2018.<\/p>\n<p><strong>Participantes:<\/strong> LifeBioencapsulation, Universidad de Almer\u00eda -UAL-(<a href=\"https:\/\/www.ual.es\/investigacion\/investiga\/grupos\/area\/grupo\/RNM\/RNM346\" style=\"color:#28772cff\" target=\"_blank\" rel=\"noopener\">grupo PAIDI RNM-346<\/a>) y Universidad de C\u00e1diz -UCA-(<a href=\"https:\/\/rnm216.uca.es\/\" style=\"color:#28772cff\" target=\"_blank\" rel=\"noopener\">grupo RNM-216<\/a>).<\/p>\n<p><strong>Investigador principal:<\/strong> Antonio Jes\u00fas Vizca\u00edno Torres (Universidad de Almer\u00eda).<\/p>\n\n\n\n\n\n\n\n\n\n\n<h6 style=\"color:#000\">Proyectos J\u00f3venes investigadores<\/h6>\n\n\n\n\n\n\n\n\n<p><strong>Evaluaci\u00f3n de compuestos nutrac\u00e9ticos en piensos con alto contenido en prote\u00edna vegetal para juveniles de <em>Seriola Dumerili<\/em>: Efectos sobre la composici\u00f3n del m\u00fasculo y la funcionalidad digestiva.<\/strong><\/p>\n<p style=\"font-size: small;\">V CONVOCATORIA DE PROYECTOS DE J\u00d3VENES INVESTIGADORES.. <span style=\"color:#f57f25\">CEI-<\/span>MAR 2022.<\/p>\n<p><strong>Participantes:<\/strong> LifeBioencapsulation, Universidad de Almer\u00eda -UAL-(<a href=\"https:\/\/www.ual.es\/investigacion\/investiga\/grupos\/area\/grupo\/RNM\/RNM346\" style=\"color:#28772cff\" target=\"_blank\" rel=\"noopener\">grupo PAIDI RNM-346<\/a>) y Universidad de C\u00e1diz -UCA-(<a href=\"https:\/\/rnm216.uca.es\/\" style=\"color:#28772cff\" target=\"_blank\" rel=\"noopener\">grupo RNM-216<\/a>).<\/p>\n<p><strong>Investigadora principal:<\/strong> Alba Galafat D\u00edaz (Universidad de Almer\u00eda).<\/p>\n\n\n\n\n\n\n\n\n\n<p><strong>Evaluaci\u00f3n de microalgas producidas bajo un enfoque de econom\u00eda circular utilizando efluentes agroindustriales para su aplicaci\u00f3n en piensos sostenibles de acuicultura (AQUASOST).<\/strong><\/p>\n<p style=\"font-size: small;\">CONVOCATORIA DE AYUDAS A PROYECTOS DE INVESTIGACI\u00d3N \u00abJ\u00d3VENES INVESTIGADORES.. <span style=\"color:#f57f25\">CEI-<\/span>MAR 2021.<\/p>\n<p><strong>Participantes:<\/strong> LifeBioencapsulation S.L. Y Universidad de Almer\u00eda -UAL-(<a href=\"https:\/\/www.ual.es\/investigacion\/investiga\/grupos\/area\/grupo\/RNM\/RNM346\" style=\"color:#28772cff\" target=\"_blank\" rel=\"noopener\">grupo PAIDI RNM-346<\/a>).<\/p>\n<p><strong>Investigador principal:<\/strong> Antonio Jes\u00fas Vizca\u00edno Torres (Universidad de Almer\u00eda).<\/p>\n\n\n\n\n\n\n\n\n\n<p><strong>Evaluaci\u00f3n de un simbi\u00f3tico de microalgas hidrolizadas y bacterias \u00e1cido-l\u00e1cticas para mejorar la sostenibilidad del cultivo de dorada (<em>Sparus aurata<\/em>).<\/strong><\/p>\n<p style=\"font-size: small;\">CONVOCATORIA DE AYUDAS A PROYECTOS DE INVESTIGACI\u00d3N \u00abJ\u00d3VENES INVESTIGADORES.. <span style=\"color:#f57f25\">CEI-<\/span>MAR 2020.<\/p>\n<p><strong>Participantes:<\/strong> LifeBioencapsulation S.L. Y Universidad de Almer\u00eda -UAL-(<a href=\"https:\/\/www.ual.es\/investigacion\/investiga\/grupos\/area\/grupo\/RNM\/RNM346\" style=\"color:#28772cff\" targte=\"_blank\">grupo PAIDI RNM-346<\/a>).<\/p>\n<p><strong>Investigador principal:<\/strong> Antonio Jes\u00fas Vizca\u00edno Torres (Universidad de Almer\u00eda).<\/p>\n\n\n\n\n\n\n\n\n\n<p><strong>Evaluaci\u00f3n de hidrolizados de <em>Nannochloropsis gaditana<\/em> para uso en piensos de acabado de alto valor a\u00f1adido en dorada de crianza (<em>Sparus aurata<\/em>)(NAN2BREAM).<\/strong><\/p>\n<p style=\"font-size: small;\">II CONVOCATORIA DE PROYECTOS DE J\u00d3VENES INVESTIGADORES.. <span style=\"color:#f57f25\">CEI-<\/span>MAR 2019.<\/p>\n<p><strong>Participantes:<\/strong> LifeBioencapsulation S.L., Universidad de Almer\u00eda -UAL-(<a href=\"https:\/\/www.ual.es\/investigacion\/investiga\/grupos\/area\/grupo\/RNM\/RNM346\" target=\"_blank\" style=\"color:#28772cff\" rel=\"noopener\">grupo PAIDI RNM-346<\/a>), Universidad de C\u00e1diz -UCA-(<a href=\"https:\/\/rnm216.uca.es\/\" style=\"color:#28772cff\" target=\"_blank\" rel=\"noopener\">grupo RNM-216<\/a>) y Universidad de M\u00e1laga -UMA-(<a href=\"https:\/\/ofertaidi.uma.es\/biotecnologia-organismos-acuaticos.php#gsc.tab=0\" style=\"color:#28772cff\" target=\"_blank\" rel=\"noopener\">grupo RNM-295<\/a>).<\/p>\n<p><strong>Investigador principal:<\/strong>&nbsp;Mar\u00eda Isabel S\u00e1ez Casado (Universidad de Almer\u00eda).<\/p>\n\n\n\n\n\n\n\n\n\n<p><strong>Evaluaci\u00f3n de hidrolizados enzim\u00e1ticos de <em>Nannochloropsis gaditana<\/em> para uso en la alimentaci\u00f3n de dorada (<em>Sparus aurata<\/em>).<\/strong><\/p>\n<p style=\"font-size: small;\">I CONVOCATORIA DE PROYECTOS DE J\u00d3VENES INVESTIGADORES.. <span style=\"color:#f57f25\">CEI-<\/span>MAR 2018.<\/p>\n<p><strong>Participantes:<\/strong> LifeBioencapsulation S.L., Universidad de Almer\u00eda -UAL-(<a href=\"https:\/\/www.ual.es\/investigacion\/investiga\/grupos\/area\/grupo\/RNM\/RNM346\" target=\"_blank\" style=\"color:#28772cff\" rel=\"noopener\">grupo PAIDI RNM-346<\/a>), Universidad de C\u00e1diz -UCA-(<a href=\"https:\/\/rnm216.uca.es\/\" style=\"color:#28772cff\" target=\"_blank\" rel=\"noopener\">grupo RNM-216<\/a>) y Universidad de M\u00e1laga -UMA-(<a href=\"https:\/\/ofertaidi.uma.es\/biotecnologia-organismos-acuaticos.php#gsc.tab=0\" style=\"color:#28772cff\" target=\"_blank\" rel=\"noopener\">grupo RNM-295<\/a>).<\/p>\n<p><strong>Investigador principal:<\/strong>&nbsp;Mar\u00eda Isabel S\u00e1ez Casado (Universidad de Almer\u00eda).<\/p>\n\n\n\n\n\n\n\n\n\n\n<h2>Alianzas y Colaboraciones<\/h2>\n\n\n\n\n\n\n\n<h6><font style=\"vertical-align: inherit;\"><font style=\"vertical-align: inherit;\">Convenio de colaboraci\u00f3n con ceiA3<\/font><\/font><\/h6>\n\n\n\n\n<h6><font style=\"vertical-align: inherit;\">Colaborador de Redealgae<\/font><\/h6>\n\n\n\n\n\n\n\n\n\n\n\n\n\n\n\n\n\n","protected":false},"excerpt":{"rendered":"","protected":false},"author":1,"featured_media":0,"parent":0,"menu_order":0,"comment_status":"closed","ping_status":"closed","template":"","meta":{"_editorskit_title_hidden":false,"_editorskit_reading_time":0,"_editorskit_is_block_options_detached":false,"_editorskit_block_options_position":"{}","_crdt_document":"","pagelayer_contact_templates":[],"_pagelayer_content":"","inline_featured_image":false,"footnotes":""},"class_list":["post-430","page","type-page","status-publish","hentry"],"blog_post_layout_featured_media_urls":{"thumbnail":"","full":""},"categories_names":null,"comments_number":"0","_links":{"self":[{"href":"https:\/\/lifebioencapsulation.com\/index.php\/wp-json\/wp\/v2\/pages\/430","targetHints":{"allow":["GET"]}}],"collection":[{"href":"https:\/\/lifebioencapsulation.com\/index.php\/wp-json\/wp\/v2\/pages"}],"about":[{"href":"https:\/\/lifebioencapsulation.com\/index.php\/wp-json\/wp\/v2\/types\/page"}],"author":[{"embeddable":true,"href":"https:\/\/lifebioencapsulation.com\/index.php\/wp-json\/wp\/v2\/users\/1"}],"replies":[{"embeddable":true,"href":"https:\/\/lifebioencapsulation.com\/index.php\/wp-json\/wp\/v2\/comments?post=430"}],"version-history":[{"count":179,"href":"https:\/\/lifebioencapsulation.com\/index.php\/wp-json\/wp\/v2\/pages\/430\/revisions"}],"predecessor-version":[{"id":2009,"href":"https:\/\/lifebioencapsulation.com\/index.php\/wp-json\/wp\/v2\/pages\/430\/revisions\/2009"}],"wp:attachment":[{"href":"https:\/\/lifebioencapsulation.com\/index.php\/wp-json\/wp\/v2\/media?parent=430"}],"curies":[{"name":"wp","href":"https:\/\/api.w.org\/{rel}","templated":true}]}}